03984?
True
Is 590 a factor of 597650888?
False
Does 1954 divide 1065915099?
False
Is 83326909 a multiple of 66?
False
Is 1525 a factor of 209108590?
False
Is 72905600 a multiple of 50?
True
Is 2005181541 a multiple of 27?
True
Is 30 a factor of 785399400?
True
Is 218503568 a multiple of 145?
False
Is 19 a factor of 81062631?
False
Is 1276 a factor of 33325292?
True
Is 19 a factor of 44621869?
False
Does 1684 divide 693541846?
False
Does 16 divide 259916986?
False
Is 89567520 a multiple of 6555?
True
Is 70 a factor of 49632100?
True
Is 898 a factor of 33428245?
False
Does 31 divide 1464998?
True
Is 125 a factor of 8398516?
False
Does 2168 divide 8825675?
False
Is 10667197 a multiple of 31?
False
Is 6 a factor of 2132995728?
True
Is 6 a factor of 870458086?
False
Is 375 a factor of 445757408?
False
Does 4891 divide 94366954?
True
Does 3 divide 19572922?
False
Is 244 a factor of 1446474456?
True
Does 6 divide 119425085?
False
Is 89754336 a multiple of 84?
True
Is 446791664 a multiple of 176?
True
Does 4967 divide 69492632?
False
Does 433 divide 633015257?
True
Is 1325 a factor of 35218500?
True
Is 704556529 a multiple of 7387?
False
Is 1848726292 a multiple of 217?
True
Is 462 a factor of 21648230?
False
Is 195306272 a multiple of 8?
True
Is 3 a factor of 863096?
False
Does 229 divide 116575198?
True
Is 93 a factor of 2907538860?
False
Does 1036 divide 2962899912?
True
Is 18382738 a multiple of 205?
False
Is 21016593 a multiple of 2?
False
Does 354 divide 567149485?
False
Does 18 divide 218101212?
True
Does 797 divide 248452795?
True
Does 2351 divide 128997256?
False
Does 1099 divide 85090594?
False
Is 37381125 a multiple of 415?
True
Is 28 a factor of 10100611?
False
Does 561 divide 93364425?
True
Does 10 divide 355012510?
True
Is 96 a factor of 191633856?
True
Is 11 a factor of 117839908?
False
Does 364 divide 64164464?
True
Is 50177124 a multiple of 388?
False
Is 55378 a multiple of 1441?
False
Is 125954157 a multiple of 10?
False
Is 123620646 a multiple of 5147?
True
Is 198 a factor of 631773505?
False
Does 24 divide 7177939?
False
Is 12715469 a multiple of 13?
True
Is 78 a factor of 66374178?
True
Is 47940771 a multiple of 586?
False
Is 140 a factor of 34708499?
False
Is 1525507856 a multiple of 7?
False
Is 740 a factor of 995497580?
True
Is 6233730228 a multiple of 1858?
False
Does 2374 divide 82365930?
True
Is 24060856 a multiple of 99?
False
Is 31 a factor of 155767498?
True
Does 32 divide 157843712?
True
Is 11320560 a multiple of 810?
True
Is 2 a factor of 727847114?
True
Is 235 a factor of 20973280?
True
Does 4756 divide 1077524116?
True
Does 2233 divide 35243439?
True
Is 86 a factor of 159521374?
False
Does 34 divide 114817081?
False
Is 89115825 a multiple of 83?
False
Is 2512741880 a multiple of 40?
True
Is 1227098714 a multiple of 2047?
True
Is 20 a factor of 527338280?
True
Is 420221890 a multiple of 110?
True
Is 20 a factor of 32664300?
True
Is 4976640 a multiple of 24?
True
Does 148 divide 134432988?
True
Is 8087618 a multiple of 154?
True
Is 1350970688 a multiple of 1088?
True
Is 121 a factor of 201961359?
False
Is 55 a factor of 40428025?
True
Is 3689767980 a multiple of 90?
True
Does 39 divide 12563490?
False
Is 34953353 a multiple of 143?
False
Is 15 a factor of 51198930?
True
Is 553833698 a multiple of 5237?
True
Is 58 a factor of 2624936250?
False
Does 33 divide 25648165?
False
Is 315466480 a multiple of 695?
False
Is 32820996 a multiple of 12?
True
Is 530230005 a multiple of 25?
False
Does 247 divide 2434479216?
False
Is 210184795 a multiple of 995?
True
Is 251042327 a multiple of 31?
False
Is 6377 a factor of 390344298?
False
Is 4320108 even?
True
Does 3 divide 2308115?
False
Is 125207747 a multiple of 194?
False
Is 40189967 a multiple of 19?
False
Is 32942553 a multiple of 21?
True
Is 30 a factor of 8195549?
False
Does 2 divide 117831460?
True
Is 131262993 a multiple of 389?
True
Does 693 divide 8991493?
False
Does 1246 divide 43957634?
True
Is 4 a factor of 72951828?
True
Is 56574506 a multiple of 18?
False
Is 60 a factor of 37335840?
True
Does 142 divide 19169521?
False
Is 252496968 a multiple of 2661?
True
Does 8 divide 4991320?
True
Is 3479120 a multiple of 1570?
True
Is 5657 a factor of 748389664?
False
Is 38779585 a multiple of 116?
False
Is 19 a factor of 239562013?
True
Is 7590690 a multiple of 90?
True
Is 25974868 a multiple of 59?
True
Is 689650492 a multiple of 119?
False
Does 618 divide 31603578?
False
Is 76550842 a multiple of 2051?
False
Does 646 divide 161897988?
False
Is 441283389 a multiple of 63?
False
Does 7 divide 11323530?
False
Is 252285884 a multiple of 428?
True
Does 72 divide 81562880?
False
Is 730887 a multiple of 33?
False
Is 79389090 a multiple of 495?
True
Is 49332472 a multiple of 3644?
True
Is 41 a factor of 2244329996?
True
Is 16 a factor of 243544736?
True
Does 64 divide 3502677120?
True
Is 50009292 a multiple of 21?
False
Does 253 divide 816681976?
True
Is 105861312 a multiple of 2736?
True
Does 733 divide 141095170?
True
Does 3960 divide 3825426334?
False
Is 213 a factor of 48348618?
False
Is 113282617 a multiple of 49?
False
Does 41 divide 1720964639?
False
Is 26 a factor of 13832?
True
Is 166 a factor of 1812041392?
True
Is 4982168270 a multiple of 295?
True
Is 38697812 a multiple of 571?
True
Is 44873970 a multiple of 10?
True
Is 32 a factor of 98640244?
False
Is 90713543 a multiple of 10?
False
Does 10 divide 127464230?
True
Is 10034195 a multiple of 61?
True
Does 358 divide 606951?
False
Does 63 divide 938373408?
True
Is 23 a factor of 42821216?
True
Is 150700810 a multiple of 43?
True
Does 332 divide 34728449?
False
Is 11 a factor of 21943845?
True
Does 63 divide 72252306?
True
Does 371 divide 142817506?
False
Is 107955826 a multiple of 31?
True
Does 320 divide 340297280?
True
Does 37 divide 2597357152?
False
Does 13 divide 365089374?
True
Is 2794145270 a multiple of 1135?
True
Does 885 divide 123976267?
False
Is 341 a factor of 47724996?
True
Is 4071475513 a multiple of 5202?
False
Is 536 a factor of 47554456?
True
Is 10 a factor of 946154870?
True
Is 5553 a factor of 1608565275?
True
Does 2469 divide 163453327?
False
Is 3001830 a multiple of 39?
True
Is 1244600 a multiple of 49?
True
Is 194858553 a multiple of 9?
False
Is 9 a factor of 1247131848?
False
Does 11 divide 94569596?
True
Does 57 divide 180236130?
False
Is 385434 a multiple of 82?
False
Does 99 divide 196975841?
False
Is 77 a factor of 454515754?
True
Is 3528308025 a multiple of 9675?
True
Is 157428457 a multiple of 231?
False
Does 35 divide 554217055?
True
Is 10107 a factor of 3021376473?
True
Does 1591 divide 22286728?
True
Is 456391960 a multiple of 4044?
False
Is 735 a factor of 29924055?
True
Is 1206 a factor of 16466209?
False
Is 433 a factor of 239142869?
True
Does 486 divide 45653382?
True
Is 17 a factor of 197917298?
True
Does 1848 divide 1044751249?
False
Is 133 a factor of 160104483?
False
Is 3490303 a multiple of 75?
False
Is 81197055 a multiple of 37?
True
Is 287093788 a multiple of 3?
False
Does 4 divide 1443213392?
True
Does 13 divide 177387964?
True
Is 21 a factor of 87219972?
True
Does 163 divide 29445005?
False
Is 382 a factor of 613134448?
True
Is 190 a factor of 192912320?
True
Is 34 a factor of 442996778?
True
Is 10856420 a multiple of 315?
False
Does 13 divide 248454373?
False
Is 335 a factor of 1011517760?
True
Is 1091 a factor of 79010369?
False
Is 13 a factor of 352634548?
False
Is 1460558004 a multiple of 6?
True
Is 439 a factor of 72358614?
True
Does 11 divide 155025228?
False
Does 3 divide 21778678?
False
Is 1989660478 a multiple of 13?
True
Is 268 a factor of 235935224?
False
Is 196792481 a multiple of 947?
False
Is 142105777 a multiple of 1159?
False
Is 1614944354 a multiple of 728?
False
Does 3081 divide 1980016277?
False
Does 719 divide 80924888?
True
Is 195074093 a multiple of 133?
False
Is 713 a factor of 150626062?
False
Is 47755601 a multiple of 1542?
False
Is 349024120 a multiple of 20?
True
Does 4 divide 679804459?
False
Is 1268504697 a multiple of 42?
False
Is 16121646 a multiple of 6?
True
Is 419460836 a multiple of 25?
False
Is 2899 a factor of 80818322?
True
Is 3019016 a multiple of 28?
True
Is 3084984 a multiple of 168?
True
Does 1818 divide 539770214?
False
Is 405 a fac